20 - 13*g**5/60 - g**4/8 - 7*g**3/3 - g**2. List the prime factors of f(a).
5
Let i(o) be the second derivative of -o**5/20 + 2*o**4/3 + 2*o**2 + 16*o. List the prime factors of i(5).
79
Suppose -3*i = -2*p - 1811, -4*i - 850 = -3*p - 3266. What are the prime factors of i?
601
Let l be -6*1*(6 - 11). Let g = l - 10. List the prime factors of g.
2, 5
Let n(j) be the second derivative of -3*j**3/2 + j**2/2 + 13*j. List the prime factors of n(-5).
2, 23
Let j be (-3)/2 + (-3)/12*2. List the prime factors of 3 + j + -1 + 126.
2, 3, 7
Suppose 3*g - 234 = g. Suppose -g = -3*a - 33. Suppose -j = -102 + a. What are the prime factors of j?
2, 37
Let g(b) = 1. Let j(c) = 4*c + 12. Let f(h) = 6*g(h) - j(h). Suppose -4*x + 1 + 1 = 3*m, -m = 2*x - 4. List the prime factors of f(m).
2, 3
Let f(j) = 13*j - 266. List the prime factors of f(24).
2, 23
Let f(d) = -40*d - 138. List the prime factors of f(-9).
2, 3, 37
Suppose -3 = b - 8, 5*b - 6814 = -3*t. What are the prime factors of t?
31, 73
Let d = 15 - 6. What are the prime factors of (-14)/(-2)*(12 - d)?
3, 7
Let s be (-2247)/(36/16 - 3). Suppose -18*v + s = -4*v. List the prime factors of v.
2, 107
Let c = 3360 - 1271. What are the prime factors of c?
2089
Suppose -3*g + 25 = -8*g - 5*u, -g + 5*u = -13. Let w(x) = -x**3 + x**2 + 47. Let j be w(0). List the prime factors of (g - -1) + (j - -21).
67
Let b(c) be the third derivative of c**5/60 - 7*c**4/24 - c**3/2 - c**2. List the prime factors of b(11).
41
What are the prime factors of (-418 + 0)/(-8 - 42/(-6))?
2, 11, 19
Let l(a) = -a**2 + a + 655. What are the prime factors of l(0)?
5, 131
Let o(h) = 2*h**2 + 20*h + 30. Let x(a) = a + 7. Let j be x(6). Let s(t) = t**2 + 10*t + 15. Let f(r) = j*s(r) - 6*o(r). List the prime factors of f(-9).
2, 3
Let t = 56 + 134. What are the prime factors of t?
2, 5, 19
Let m be ((-2)/(-4))/(13/(-494)). Let t = m + 142. What are the prime factors of t?
3, 41
Let i(v) = -110*v + 465. List the prime factors of i(-19).
5, 7, 73
Suppose -5*o - 3*p = -180, -p - 103 = -2*o + 4*p. Suppose 3*x + x = -4*j + 136, -o = -x - 2*j. What are the prime factors of x?
29
Let l(a) = 2*a + 15. Let i(m) = m**3 - 8*m**2 + 6. Let c be i(8). List the prime factors of l(c).
3
Let t(m) = -m + 8. Let g be t(5). Let b be 4 + (-2 - (3 - g)). Suppose b*f = -2 + 22. List the prime factors of f.
2, 5
Let d(y) = 4*y**2 - 3*y + 2. Let q be d(1). Suppose 2*n + 167 = q*l, 0 = -3*l - 5*n + n + 143. What are the prime factors of l?
53
Suppose -18*y + 17320 = 3748. What are the prime factors of y?
2, 13, 29
Suppose 0 = 5*t - t - 1792. List the prime factors of t.
2, 7
Suppose 10 = -n + 8. What are the prime factors of 0 + 233 + 3 + n?
2, 3, 13
List the prime factors of 1*-3 - (-1 + 2)*-304.
7, 43
Let h be (0/(-3) - 2)*-8. Let i be (-49)/(-14)*h/1. Suppose 0 = -3*v + 40 + i. List the prime factors of v.
2
Let b = 12 + -8. Let f = -53 + 55. Suppose b*q - 158 = f. What are the prime factors of q?
2, 5
Let q be (-1 + 1 + 0)/1. Suppose q = 4*c + 4, c + 17 = 3*i - c. Suppose 0*z + 55 = 2*z + x, -3*z + i*x + 63 = 0. What are the prime factors of z?
2, 13
List the prime factors of -4 - (-5 - (-6 - -6)) - -2952.
2953
Suppose 28 - 176 = 4*w. Let l = w + 156. What are the prime factors of l?
7, 17
Suppose -4*t + 9 = -3. Suppose t*r + 18 = 6*r. Suppose 4*u - r - 6 = 0. List the prime factors of u.
3
Let z(h) = -620*h**3 - 3*h - 1. What are the prime factors of z(-1)?
2, 311
Suppose x = -7 + 11. Suppose 28 = 8*l + x. What are the prime factors of l?
3
Let s be (3 - 3)/4 - -5. Let f = 3 - s. Let x(a) = -2*a**3 - 2*a**2 - a + 1. What are the prime factors of x(f)?
11
Suppose -4*f + 231 + 1661 = -4*i, -i = -4*f + 1880. What are the prime factors of f?
7, 67
Let w(b) = 118*b**2 - b - 1. Let g be w(-1). Suppose p - 3*p + g = -2*d, -2*d = 5*p - 302. Suppose 2*a - p = -12. List the prime factors of a.
2, 3
Suppose -3*a - 46 = -3*z - 4, 11 = -z - 4*a. Suppose z*t + 8 = 13*t. List the prime factors of t.
2
Suppose -x = 3*n - 15, -5*x = n - 3*x - 5. Suppose -5*s - n*s + 530 = 0. What are the prime factors of s?
53
Suppose 6*z + y = 3*z + 1324, 0 = -2*z + 4*y + 878. Suppose 6*w - z = 2*w - 5*f, 495 = 5*w - 5*f. List the prime factors of w.
2, 13
Let s = 60 - 61. List the prime factors of 430/(12/4 + s).
5, 43
Let a = 27 - 14. Let y = a + -16. What are the prime factors of (-77)/y + 12/(-18)?
5
Let k be (-168)/(-17) + 4/34. Let c(q) = -q**2 + 11*q - 8. Let m be c(k). Suppose 2*i - 2*n = 76, 3*n - 172 = -4*i + m*n. What are the prime factors of i?
2, 3, 7
Let r(h) = h**3 + 10*h**2. Let a be r(-10). List the prime factors of a + 0 - (-792)/11.
2, 3
Suppose -8 = 2*k + 3*q, 0 = 2*k + 2*k + 2*q. Let l(u) be the first derivative of 11*u**3/3 + u**2 - u - 15. What are the prime factors of l(k)?
47
Let z(n) = 7 - 9 + 8*n + 13*n + 8. Let w be z(6). Suppose -3*c = -6*c + w. What are the prime factors of c?
2, 11
Let w be (-3 - 0)/(-3 + (-2038)/(-680)). Suppose 0*x = -10*x + w. List the prime factors of x.
2, 3, 17
Let i = -8 - -13. Let q be 7/7*(i - 0). Suppose q*f - 40 = -2*t - 0*f, 3*t - 77 = f. List the prime factors of t.
5
Let g = -4 - -4. Suppose g = 5*n + 6 - 16. Suppose 5*q = 4*c - 65, 3*c = n*c - 2*q + 26. What are the prime factors of c?
2, 5
Let w = -8 - -7. What are the prime factors of (-7)/((-15)/(-40) - w/(-2))?
2, 7
List the prime factors of 7096/(-6 + 14) - 6.
881
Let o(v) = 18*v**2 + 1. Let z be o(2). Suppose 4 = -t + z. Let h = t + -28. List the prime factors of h.
41
List the prime factors of -3 - (4326/(-6) + -3).
7, 103
Suppose -3*d = -2*p - 3291, 2*d + 4*p + 1236 = 3446. List the prime factors of d.
7, 157
Let c(v) = -v**3 + 11*v**2 + 47*v + 14. List the prime factors of c(12).
2, 7, 31
Suppose 17*y = 18*y - 4*m - 4089, m = -3*y + 12293. What are the prime factors of y?
17, 241
Suppose 0 = -4*p - 5*l + 67, -3*p - p = -l - 73. Suppose -13*w = -p*w + 1450. Suppose 3*u + 2*u = w. What are the prime factors of u?
2, 29
Suppose -5*x + 2*t + 0*t + 4610 = 0, 1844 = 2*x + 2*t. List the prime factors of x.
2, 461
Let c(g) be the first derivative of -g**4/4 + 8*g**3/3 - 2*g**2 - 3*g + 13. Let b be -2 - -3*3*1. What are the prime factors of c(b)?
2, 3
Let r be ((-51)/(-3))/((-5)/(-10)). Let o = r - 19. Suppose -o = -z - 2*z. What are the prime factors of z?
5
Let a = -1338 + 2231. Suppose -x = 5*r - a, 127 = 4*r + 2*x - 585. What are the prime factors of r?
179
Let c be (-1)/1 - (-9 + 8). Suppose 2*s + s = c. Suppose 213 = 4*v + 5*m, -3*v + 151 = -s*v + 2*m. List the prime factors of v.
47
Let g(p) = 3*p + 3. Let o be g(6). Suppose -4*i - 56 = -44. Let b = o + i. List the prime factors of b.
2, 3
Let j(r) = -2*r - 20. Let d be j(-10). Suppose -q - 4*g + 133 = 0, d = -2*q + q + 4*g + 93. What are the prime factors of q?
113
Let o(f) = f**2 - f - 1. Suppose 7*u - 20 = 2*u. Suppose -3*t = -u*i + 14, -4*i + 0*i - 3*t + 26 = 0. List the prime factors of o(i).
19
Suppose -15 = 5*u, -694 = -2*c + c - 4*u. List the prime factors of c.
2, 353
Let w = -108 - -114. Suppose w*d = 10*d - 324. List the prime factors of d.
3
Suppose -2*m + 2223 = 855. List the prime factors of m.
2, 3, 19
Suppose -19*s = -29817 - 1723. List the prime factors of s.
2, 5, 83
Let w(l) = -7*l - 2. Let y be w(2). Let n be (36/y)/((-1)/(-8)). Let v = n - -31. What are the prime factors of v?
13
Let j = -318 + 534. What are the prime factors of j?
2, 3
Let l(n) = n**2 - 2*n - 3. Suppose -c + m = -0 + 9, 0 = 5*c - 3*m + 43. Let x = -10 - c. List the prime factors of l(x).
5
Let v = -34 - -94. Let z(u) = -u**3 - 3*u**2 + u + 3. Let j be z(-3). Suppose 4*w - v - 28 = j. List the prime factors of w.
2, 11
List the prime factors of (-786)/(-9) + (-7)/21.
3, 29
Let x = 68 - -411. What are the prime factors of x?
479
List the prime factors of 4684/10 + (-45)/(-75).
7, 67
Let j be 84/(-12)*(-1)/1. Suppose -2*v - 35 = -j*v. What are the prime factors of v?
7
Suppose -5*s + 2*c = -1698, s + 3*s - 1361 = -c. Let f = -179 + s. List the prime factors of f.
7, 23
Suppose 2*l + 3 + 1 = 0. What are the prime factors of (-2)/l + (-142)/(-2)?
2, 3
Suppose -2*p + 28 = 4*r, 3*r = -0*p - 2*p + 23. Suppose -p*h + 78 = -2*h. List the prime factors of h.
3, 13
Let w be 40/12*9/6. Suppose 5*x + w = -0. List the prime factors of 357/12 + x